 93. Suppose -4*u - 210 = -2*d, 0*u - 325 = -f*d - 4*u. Calculate the remainder when d is divided by 27.
26
Suppose -4*h = -3*h + y - 32, 0 = y + 2. Calculate the remainder when 268 is divided by h.
30
Suppose 5*m + 115 = 330. What is the remainder when 253 is divided by m?
38
Suppose -47*g + 390 = -37*g. What is the remainder when 116 is divided by g?
38
Let v(j) = j + 30. Let q(h) = -2*h - 29. Let l(b) = 6*q(b) + 5*v(b). Let g(f) = f**3 + 7*f**2 + 3*f - 9. What is the remainder when l(-7) is divided by g(-6)?
7
Let y(h) = h**2 + 7*h + 18. Let t be y(-4). Let g(i) = -2*i**2 + 14*i - 7. Calculate the remainder when 32 is divided by g(t).
2
Let r(b) be the second derivative of 6*b - 1/20*b**5 + 0*b**2 - 1/6*b**3 + 3/4*b**4 + 0. Calculate the remainder when r(8) is divided by 19.
18
Suppose 4*x - 2*s = -36, -2*x = -5*s + 24 - 6. Let y = -2 - x. Calculate the remainder when 17 is divided by y.
3
Suppose 2*o - 30 = 18*z - 15*z, 0 = -4*o - 5*z + 16. What is the remainder when 104 is divided by o?
5
Let o(b) = -b**3 + 10*b**2 + b - 1. Let h be (4/10)/((-1)/(-25)). What is the remainder when o(h) is divided by 5?
4
Let k(p) = p**2 + 18*p - 61. Let a be k(-21). Calculate the remainder when 5 - ((-470)/5)/a is divided by 18.
16
Suppose x = -2*l + 1, -4*x - 12 = l - 2. What is the remainder when l is divided by 1?
0
Let p(v) = -8*v - 5. Let l be p(5). Let i = l + 73. Calculate the remainder when i is divided by 6.
4
Suppose -32*w + 285 = -17*w. What is the remainder when 129 is divided by w?
15
Let a be (-2 - 1) + 1 + -2. Let v = -1478 - -1482. Calculate the remainder when (1 - -1)/(a/(-22)) is divided by v.
3
Let u = -1507 + 1537. Calculate the remainder when 224 is divided by u.
14
Suppose -47 = -2*s - 3*b, -4*s + 7*s - 75 = -3*b. What is the remainder when s is divided by 4?
0
Let g = 8 - 6. Suppose -n + 3*m = g*n - 117, 110 = 3*n + 4*m. Calculate the remainder when n is divided by 6/11 + 1352/143.
8
Let x be (-60)/18*(-12)/10. Suppose -u - m - x = -5, -17 = -2*u - 5*m. What is the remainder when 10/(-3)*42/u is divided by 19?
16
Suppose -195 = -192*l + 179*l. Let t = 13 - -60. Let j = t + -44. Calculate the remainder when j is divided by l.
14
Calculate the remainder when 714/4*24/42 is divided by 35.
32
Let r = -1 - -3. Let n(a) = -4*a + 49. Let l(v) = 2*v - 24. Let i(g) = 7*l(g) + 4*n(g). What is the remainder when i(13) is divided by r?
0
Let w be ((-3)/(-9))/(2/30). Suppose -2*s - 36 = -w*s. Suppose 2*a = -a + s. Calculate the remainder when 15 is divided by a.
3
Let u be 27/3*(-2)/6. Let p = u - -16. Suppose 9*n + 52 = p*n. What is the remainder when 63 is divided by n?
11
Let g = -53 - -54. Let u = 31 - g. Calculate the remainder when 119 is divided by u.
29
Let d be (17 - 14)*5/(-3). Calculate the remainder when d/((-20)/(-64))*129/(-12) is divided by 44.
40
Let v = 201 - 87. Suppose -a + 612 = 4*d, -2*d + v + 192 = -3*a. Suppose 91 = 3*u - 2*f, -5*u + 2*f = -0*f - d. What is the remainder when u is divided by 17?
14
What is the remainder when 60 is divided by -4 + 11 - 11 - -7*5?
29
Let q be -3*(0/(-3) - 2). Let s be (-5)/(-30) + (-1)/q. Suppose s = 3*o - 125 + 5. What is the remainder when o is divided by 21?
19
Let x(s) = -s**3 + 27*s**2 - 45*s. What is the remainder when x(25) is divided by 27?
17
Let k(t) = t**3 - 9*t**2 + 3*t + 7. Let m be k(7). Let f = 27 - m. What is the remainder when f is divided by 33?
31
What is the remainder when -105*3/12*-4 is divided by 27?
24
Let k = -2066 + 2169. What is the remainder when 205 is divided by k?
102
Let j(m) = m**3 - 20*m**2 + 17*m + 42. Let a be j(19). Suppose -a*v = 4*z - 140, -3*v + 135 = -4*z + 8*z. What is the remainder when 148 is divided by z?
28
Let c be 5/((-20)/(-8)) - -1. Suppose 38 = c*y - 2*t, -y - y + 42 = 2*t. Suppose 3*h - 34 - 56 = 0. Calculate the remainder when h is divided by y.
14
Suppose -74*h + 120 = -69*h. What is the remainder when (-3)/(-5) - (-694)/10 is divided by h?
22
Let f(p) be the second derivative of -p**5/20 + 5*p**4/3 + p**3/3 + 6*p**2 + 14*p. Calculate the remainder when 205 is divided by f(20).
49
Let n = 91 - 87. Suppose -5*f - 8*i + 142 = -n*i, -i - 23 = -f. What is the remainder when f is divided by 14?
12
Suppose 229 = 3*u - 23. Suppose 3*x = -3*x + u. What is the remainder when 96 is divided by x?
12
Let r = -33 + 60. Let m(h) = h**3 + 4*h**2 - 6*h - 3. Let i be m(-5). Let d(y) = 2*y**2 + 2*y - 2. What is the remainder when r is divided by d(i)?
7
Suppose -5*b + 20 = 5*s, s - 32 = -3*s + 4*b. Suppose s = 18*j - 17*j. Let c(t) = t + 7. What is the remainder when j is divided by c(-4)?
0
Let x(i) = 3*i**2 + 0*i**2 + 10*i**2 - 3*i - 8*i**2. Calculate the remainder when 152 is divided by x(2).
12
Suppose -5*c + 170 = -0*c. Let h(f) = 2*f**2 + 4*f - 3. Let g be h(4). Suppose -3*t = 2*t - g. Calculate the remainder when c is divided by t.
7
Let h = 10 + -5. Suppose -5*k + 2*k + 63 = -h*j, -5*j + 49 = 4*k. Suppose 3*t - 3*g + 5*g - 19 = 0, t - 3 = g. What is the remainder when k is divided by t?
1
Suppose 4*t + 4*x = -x + 28, 5*x - 18 = t. Suppose 9 + 33 = -t*p. Let b = p - -38. Calculate the remainder when b is divided by 6.
5
Let r(l) be the second derivative of -l**5/20 + l**4/3 + 7*l**3/6 + 7*l**2/2 + 2*l + 6. Calculate the remainder when r(5) is divided by 3.
2
Let u = -56 + 62. Suppose 72 + u = 6*q. Calculate the remainder when 86 is divided by q.
8
Suppose -9 - 97 = -5*f - h, -3*f + 3*h = -60. Suppose 0 = u - 2*a - 22, -3*a + f = 5*u - 24. Let s = -43 + 65. Calculate the remainder when s is divided by u.
10
Let p(a) = a**2 + 13*a - 16. Let h be p(-14). Calculate the remainder when (-54)/h + -9 + 6 is divided by 7.
3
Suppose 0 = 4*v + 4*r + 132, v + 4*r = -0*v - 30. Suppose 4*q - 5*w = 231, -30 = -q - w + 30. Let h = v + q. Calculate the remainder when h is divided by 9.
7
Let t(u) = -u**3 + 3*u**2 + 4*u - 4. Let z = 4986 - 4973. What is the remainder when z is divided by t(3)?
5
Suppose -2*q + 17 = -17. Suppose 10*x = q*x - 1687. What is the remainder when x is divided by 27?
25
Let r be 128/6 - -11*10/(-330). Let t = 1 + -1. Suppose -4*p + r + 195 = t. What is the remainder when p is divided by 19?
16
Let j(b) = b**3 + 16*b**2 + 33*b + 25. Calculate the remainder when j(-13) is divided by 73.
30
Let d = 433 - 214. Calculate the remainder when d is divided by 28.
23
Suppose -2*f = r + 2*r - 12, 10 = 2*r + 2*f. Let d be 5*r/(2/3). Let v = 3 + d. Calculate the remainder when 51 is divided by v.
15
Suppose u - 10 = -2*o, -5*o = -u + 8 - 26. What is the remainder when 224 is divided by u?
0
Suppose -5*l - 164 = -414. What is the remainder when 347 is divided by l?
47
Let s = 147 - 109. Suppose 5*j - s = 3*j. Calculate the remainder when 113 is divided by j.
18
Suppose -l + s = -16 - 9, 3*l = -2*s + 70. Calculate the remainder when 388/l - 1/6 is divided by 9.
7
Let h = 29 + -18. Let l = -30 - -33. Suppose -3*w + l*v + 250 = 2*w, -3*v = -3*w + 144. Calculate the remainder when w is divided by h.
9
Suppose 0 = -4*i + 168 + 220. Suppose 8*l = 55 + i. What is the remainder when l is divided by 8?
3
Let v = -29 + 32. Suppose -l - 173 = v*u - 492, -323 = -3*u - 2*l. Calculate the remainder when u is divided by 53.
52
Suppose -2*q + 3*q - n - 113 = 0, n = -5*q + 595. Suppose 5*w = -3*r + 62, -r - 4*r = w - q. Calculate the remainder when r is divided by 7.
3
Let n(d) = 6*d + 108. What is the remainder when n(7) is divided by 9?
6
Let l(d) = -294*d**2 - 284*d**2 - 6*d + 580*d**2 + 11. What is the remainder when 94 is divided by l(4)?
18
Let q(h) = -5*h + 53. Suppose -x = 2, 2*d - 2*x = -0*d + 102. What is the remainder when d is divided by q(8)?
10
Let i(o) = 20*o**2 + 2*o - 2. What is the remainder when i(2) is divided by (-8688)/(-312) - 2/(-13)?
26
Let i = -33 + 12. Let j = i + 47. What is the remainder when j is divided by 14?
12
Let f = -15 + 17. Suppose 2*a - 12 = -f*w, 0 = -5*a - 0*w - 3*w + 38. Suppose 2*u - 3*u = 5, -4*n + 147 = u. Calculate the remainder when n is divided by a.
8
Suppose 4*u = -0*u + 60. Let o(y) = y**2 + 10*y - 9. Let k be o(-7). Let c = k + 39. Calculate the remainder when u is divided by c.
6
Suppose -3*h = -12, 0 = -4*n + 4*h - 188 + 524. Let x = 37 - 65. Let z = 2 - x. Calculate the remainder when n is divided by z.
28
Let u =